mon factor of 2615591 and 11693?
11
Calculate the greatest common divisor of 969243 and 88.
11
Calculate the greatest common factor of 7839 and 33085.
13
Calculate the greatest common divisor of 27 and 48049227.
27
Calculate the greatest common divisor of 304072 and 1676376.
1592
What is the greatest common divisor of 338490 and 34560?
90
Calculate the greatest common factor of 91806524 and 92.
92
What is the highest common divisor of 1171017 and 21?
3
What is the highest common divisor of 8450 and 374075?
325
Calculate the highest common divisor of 221680 and 2975.
85
Calculate the highest common factor of 28209093 and 1331.
121
Calculate the greatest common divisor of 1029 and 2712101.
343
What is the greatest common factor of 9259706 and 430?
86
What is the greatest common divisor of 7 and 646663591?
7
Calculate the highest common divisor of 415 and 13165.
5
Calculate the highest common factor of 6657 and 9722073.
951
Calculate the highest common divisor of 265257230 and 210.
70
Calculate the greatest common divisor of 814 and 5839548.
22
What is the highest common divisor of 810 and 7714170?
270
Calculate the highest common factor of 101436 and 31521.
237
Calculate the greatest common divisor of 49210640 and 496.
496
What is the greatest common factor of 18480 and 39030?
30
What is the highest common divisor of 49773339 and 267?
267
Calculate the highest common factor of 2800908 and 9504.
396
Calculate the highest common divisor of 12043873 and 595689.
6847
What is the highest common factor of 1798047 and 1179?
9
What is the highest common factor of 38169 and 12528?
9
What is the greatest common divisor of 31749224 and 728?
104
Calculate the greatest common factor of 17698726 and 2.
2
What is the highest common factor of 557446 and 1002?
334
What is the greatest common factor of 2636 and 29042789?
659
What is the greatest common divisor of 11454724 and 5?
1
Calculate the greatest common divisor of 21058312 and 51216.
8536
Calculate the greatest common factor of 139860 and 19451880.
3780
What is the greatest common factor of 1259867 and 217?
7
What is the highest common factor of 124166 and 14480?
362
What is the greatest common factor of 2427305 and 1541?
23
What is the highest common divisor of 258 and 305286?
6
What is the highest common divisor of 12 and 92771004?
12
Calculate the greatest common factor of 1211251 and 3996403.
7253
Calculate the greatest common divisor of 886500 and 204000.
1500
What is the highest common divisor of 20748464 and 22?
22
What is the highest common divisor of 1742 and 21224138?
26
What is the greatest common divisor of 39588 and 171612?
12
What is the greatest common factor of 12184207 and 24363?
2707
Calculate the highest common divisor of 185 and 8651451.
37
What is the greatest common factor of 674157 and 171999?
1977
What is the highest common divisor of 63917031 and 933?
933
Calculate the highest common divisor of 228325436 and 2872.
1436
What is the greatest common factor of 881 and 3141141187?
881
What is the greatest common factor of 3242 and 37634757?
1621
What is the greatest common factor of 201 and 70072553?
67
Calculate the highest common factor of 208270 and 944.
118
What is the highest common factor of 72 and 390429?
9
What is the highest common factor of 28335 and 242820?
15
Calculate the greatest common divisor of 126 and 4526226.
18
What is the greatest common factor of 24 and 1743468?
12
What is the greatest common factor of 37561938 and 6?
6
What is the greatest common divisor of 2091505 and 34385?
1495
Calculate the highest common divisor of 23049154 and 548.
274
What is the highest common divisor of 347915 and 206365?
745
Calculate the highest common divisor of 201905 and 14520.
55
What is the greatest common divisor of 1 and 359747?
1
Calculate the highest common divisor of 3424 and 443087.
107
What is the greatest common divisor of 765041717 and 22?
11
Calculate the greatest common factor of 9890772 and 84.
12
What is the highest common factor of 19843525 and 650?
325
What is the highest common factor of 1754 and 10322?
2
Calculate the greatest common divisor of 3942 and 67932.
54
What is the highest common divisor of 288 and 1028406?
6
Calculate the greatest common divisor of 9269 and 24724453.
403
Calculate the greatest common divisor of 1199 and 31889803.
1199
Calculate the highest common divisor of 626484859 and 341.
341
What is the greatest common divisor of 3141405 and 3285?
45
What is the greatest common factor of 2206482 and 26432?
118
What is the greatest common factor of 1366 and 2428065?
683
Calculate the highest common factor of 16 and 4072808.
8
What is the highest common divisor of 325867271 and 646?
323
What is the highest common divisor of 4128 and 816768?
96
What is the greatest common divisor of 5552044 and 8?
4
Calculate the highest common divisor of 1824 and 21807744.
1824
What is the highest common factor of 5525358 and 51282?
222
Calculate the highest common factor of 4855375688 and 3544.
3544
Calculate the greatest common factor of 2900608 and 107672.
344
What is the greatest common factor of 71442 and 49686?
294
Calculate the greatest common factor of 2418 and 3880266.
78
What is the highest common divisor of 18304750 and 85?
85
Calculate the greatest common divisor of 26768 and 223131356.
6692
What is the highest common factor of 977672 and 9008?
8
Calculate the greatest common divisor of 108 and 1794648348.
36
What is the greatest common divisor of 515 and 1180435?
5
What is the greatest common factor of 903604 and 6760?
52
Calculate the highest common divisor of 3553 and 126582.
17
Calculate the greatest common factor of 59 and 1113526529.
59
Calculate the greatest common factor of 6504473 and 16208.
1013
What is the highest common divisor of 31262539 and 59241?
1519
Calculate the highest common factor of 450262748 and 12104.
6052
What is the greatest common factor of 9 and 26554371?
3
What is the greatest common factor of 38194613 and 6527?
107
What is the highest common divisor of 41588046 and 21222?
7074
What is the greatest common factor of 62 and 214124130?
62
Calculate the highest common divisor of 10540 and 78731692.
2108
Calculate the highest common factor of 96 and 4145576.
8
Calculate the highest common factor of 286 and 66131.
13
What is the greatest common factor of 119955650 and 50?
50
What is the highest common factor of 5155 and 631?
1
Calculate the greatest common divisor of 11684 and 1767123212.
11684
Calculate the highest common divisor of 23213 and 252702.
139
Calculate the greatest common factor of 3328451 and 3856.
241
What is the highest common factor of 590 and 79222840?
590
Calculate the highest common divisor of 4832 and 37129994.
302
Calculate the greatest common factor of 57978 and 937620.
18
Calculate the highest common divisor of 13488 and 434437240.
2248
Calculate the greatest common divisor of 2787540 and 490.
70
What is the highest common divisor of 5575 and 30324655?
1115
What is the greatest common divisor of 6759676 and 53108?
748
Calculate the greatest common factor of 13338 and 586207.
19
What is the greatest common factor of 53015 and 558325?
115
What is the highest common divisor of 7012 and 45988202?
3506
Calculate the greatest common divisor of 12443228 and 7.
7
What is the greatest common factor of 1376832 and 497526?
606
Calculate the greatest common factor of 135329907 and 395232.
12351
What is the greatest common factor of 114348250 and 10?
10
What is the highest common divisor of 3613346 and 14861?
2123
What is the greatest common factor of 86441562 and 379?
379
What is the greatest common factor of 166 and 31490?
2
Calculate the highest common factor of 19 and 18835213.
19
What is the highest common factor of 73687 and 1798?
31
What is the greatest common factor of 2661678 and 38802?
174
Calculate the greatest common divisor of 175388 and 567892.
652
What is the highest common factor of 1137640 and 11305?
595
Calculate the highest common divisor of 581030016 and 14.
14
What is the highest common divisor of 312 and 44213844?
12
Calculate the highest common factor of 34182 and 465044.
422
What is the highest common divisor of 5796135 and 3171?
453
What is the highest common factor of 8484 and 798?
42
What i